[INFO] fetching crate html-extractor 1.0.0...
[INFO] checking html-extractor-1.0.0 against master#af3c6e733a40e671550e0f0f5aeecaa13772ba56 for pr-74989
[INFO] extracting crate html-extractor 1.0.0 into /workspace/builds/worker-4/source
[INFO] validating manifest of crates.io crate html-extractor 1.0.0 on toolchain af3c6e733a40e671550e0f0f5aeecaa13772ba56
[INFO] running `Command { std: "/workspace/cargo-home/bin/cargo" "+af3c6e733a40e671550e0f0f5aeecaa13772ba56" "read-manifest" "--manifest-path" "Cargo.toml", kill_on_drop: false }`
[INFO] started tweaking crates.io crate html-extractor 1.0.0
[INFO] finished tweaking crates.io crate html-extractor 1.0.0
[INFO] tweaked toml for crates.io crate html-extractor 1.0.0 written to /workspace/builds/worker-4/source/Cargo.toml
[INFO] running `Command { std: "/workspace/cargo-home/bin/cargo" "+af3c6e733a40e671550e0f0f5aeecaa13772ba56" "generate-lockfile" "--manifest-path" "Cargo.toml" "-Zno-index-update", kill_on_drop: false }`
[INFO] running `Command { std: "/workspace/cargo-home/bin/cargo" "+af3c6e733a40e671550e0f0f5aeecaa13772ba56" "fetch" "--locked" "--manifest-path" "Cargo.toml", kill_on_drop: false }`
[INFO] running `Command { std: "docker" "create" "-v" "/var/lib/crater-agent-workspace/builds/worker-4/target:/opt/rustwide/target:rw,Z" "-v" "/var/lib/crater-agent-workspace/builds/worker-4/source:/opt/rustwide/workdir:ro,Z" "-v" "/var/lib/crater-agent-workspace/cargo-home:/opt/rustwide/cargo-home:ro,Z" "-v" "/var/lib/crater-agent-workspace/rustup-home:/opt/rustwide/rustup-home:ro,Z" "-e" "SOURCE_DIR=/opt/rustwide/workdir" "-e" "CARGO_TARGET_DIR=/opt/rustwide/target" "-e" "CARGO_HOME=/opt/rustwide/cargo-home" "-e" "RUSTUP_HOME=/opt/rustwide/rustup-home" "-w" "/opt/rustwide/workdir" "-m" "1610612736" "--user" "0:0" "--network" "none" "rustops/crates-build-env@sha256:d92eaeed33fa75130ca1ee6c8a01d1ffb62bac859dfdfb3450e3e5d1c0146529" "/opt/rustwide/cargo-home/bin/cargo" "+af3c6e733a40e671550e0f0f5aeecaa13772ba56" "metadata" "--no-deps" "--format-version=1", kill_on_drop: false }`
[INFO] [stdout] 47fc693248cf11675d4f48342368d4b810fd06b8095c5a7abcb9150f164eaf3b
[INFO] [stderr] WARNING: Your kernel does not support swap limit capabilities or the cgroup is not mounted. Memory limited without swap.
[INFO] running `Command { std: "docker" "start" "-a" "47fc693248cf11675d4f48342368d4b810fd06b8095c5a7abcb9150f164eaf3b", kill_on_drop: false }`
[INFO] running `Command { std: "docker" "inspect" "47fc693248cf11675d4f48342368d4b810fd06b8095c5a7abcb9150f164eaf3b", kill_on_drop: false }`
[INFO] running `Command { std: "docker" "rm" "-f" "47fc693248cf11675d4f48342368d4b810fd06b8095c5a7abcb9150f164eaf3b", kill_on_drop: false }`
[INFO] [stdout] 47fc693248cf11675d4f48342368d4b810fd06b8095c5a7abcb9150f164eaf3b
[INFO] running `Command { std: "docker" "create" "-v" "/var/lib/crater-agent-workspace/builds/worker-4/target:/opt/rustwide/target:rw,Z" "-v" "/var/lib/crater-agent-workspace/builds/worker-4/source:/opt/rustwide/workdir:ro,Z" "-v" "/var/lib/crater-agent-workspace/cargo-home:/opt/rustwide/cargo-home:ro,Z" "-v" "/var/lib/crater-agent-workspace/rustup-home:/opt/rustwide/rustup-home:ro,Z" "-e" "SOURCE_DIR=/opt/rustwide/workdir" "-e" "CARGO_TARGET_DIR=/opt/rustwide/target" "-e" "CARGO_INCREMENTAL=0" "-e" "RUST_BACKTRACE=full" "-e" "RUSTFLAGS=--cap-lints=forbid" "-e" "CARGO_HOME=/opt/rustwide/cargo-home" "-e" "RUSTUP_HOME=/opt/rustwide/rustup-home" "-w" "/opt/rustwide/workdir" "-m" "1610612736" "--user" "0:0" "--network" "none" "rustops/crates-build-env@sha256:d92eaeed33fa75130ca1ee6c8a01d1ffb62bac859dfdfb3450e3e5d1c0146529" "/opt/rustwide/cargo-home/bin/cargo" "+af3c6e733a40e671550e0f0f5aeecaa13772ba56" "check" "--frozen" "--all" "--all-targets" "--message-format=json", kill_on_drop: false }`
[INFO] [stderr] WARNING: Your kernel does not support swap limit capabilities or the cgroup is not mounted. Memory limited without swap.
[INFO] [stdout] 316a1faff14978a51abc2213d89f7a8a27000e8214792a1267bd4476feecdcb4
[INFO] running `Command { std: "docker" "start" "-a" "316a1faff14978a51abc2213d89f7a8a27000e8214792a1267bd4476feecdcb4", kill_on_drop: false }`
[INFO] [stderr]    Compiling proc-macro2 v1.0.21
[INFO] [stderr]    Compiling unicode-xid v0.2.1
[INFO] [stderr]    Compiling libc v0.2.77
[INFO] [stderr]    Compiling syn v1.0.40
[INFO] [stderr]    Compiling serde v1.0.116
[INFO] [stderr]    Compiling string_cache_shared v0.3.0
[INFO] [stderr]    Compiling log v0.4.11
[INFO] [stderr]    Compiling ryu v1.0.5
[INFO] [stderr]    Compiling serde_derive v1.0.116
[INFO] [stderr]    Compiling serde_json v1.0.57
[INFO] [stderr]    Compiling procedural-masquerade v0.1.7
[INFO] [stderr]    Compiling memchr v2.3.3
[INFO] [stderr]    Compiling new_debug_unreachable v1.0.4
[INFO] [stderr]     Checking lazy_static v1.4.0
[INFO] [stderr]    Compiling mac v0.1.1
[INFO] [stderr]    Compiling cfg-if v0.1.10
[INFO] [stderr]    Compiling precomputed-hash v0.1.1
[INFO] [stderr]    Compiling utf-8 v0.7.5
[INFO] [stderr]    Compiling nodrop v0.1.14
[INFO] [stderr]    Compiling stable_deref_trait v1.2.0
[INFO] [stderr]     Checking dtoa v0.4.6
[INFO] [stderr]    Compiling thin-slice v0.1.1
[INFO] [stderr]     Checking itoa v0.4.6
[INFO] [stderr]    Compiling unicode-width v0.1.8
[INFO] [stderr]     Checking matches v0.1.8
[INFO] [stderr]    Compiling ego-tree v0.6.2
[INFO] [stderr]    Compiling regex-syntax v0.6.18
[INFO] [stderr]    Compiling ref_thread_local v0.0.0
[INFO] [stderr]    Compiling phf_shared v0.7.24
[INFO] [stderr]    Compiling proc-macro-error-attr v1.0.4
[INFO] [stderr]    Compiling proc-macro-error v1.0.4
[INFO] [stderr]    Compiling thread_local v1.0.1
[INFO] [stderr]    Compiling futf v0.1.4
[INFO] [stderr]    Compiling dtoa-short v0.3.2
[INFO] [stderr]    Compiling servo_arc v0.1.1
[INFO] [stderr]    Compiling getopts v0.2.21
[INFO] [stderr]    Compiling byteorder v1.3.4
[INFO] [stderr]    Compiling bitflags v1.2.1
[INFO] [stderr]    Compiling maybe-uninit v2.0.0
[INFO] [stderr]    Compiling phf v0.7.24
[INFO] [stderr]     Checking fxhash v0.2.1
[INFO] [stderr]    Compiling tendril v0.4.1
[INFO] [stderr]    Compiling smallvec v0.6.13
[INFO] [stderr]    Compiling aho-corasick v0.7.13
[INFO] [stderr]    Compiling quote v1.0.7
[INFO] [stderr]    Compiling rand_os v0.1.3
[INFO] [stderr]    Compiling rand v0.6.5
[INFO] [stderr]    Compiling phf_generator v0.7.24
[INFO] [stderr]     Checking regex v1.3.9
[INFO] [stderr]    Compiling phf_codegen v0.7.24
[INFO] [stderr]    Compiling string_cache_codegen v0.4.4
[INFO] [stderr]    Compiling selectors v0.21.0
[INFO] [stderr]    Compiling string_cache v0.7.5
[INFO] [stderr]    Compiling toml v0.5.6
[INFO] [stderr]    Compiling proc-macro-crate v0.1.5
[INFO] [stderr]    Compiling cssparser v0.25.9
[INFO] [stderr]    Compiling cssparser-macros v0.3.6
[INFO] [stderr]    Compiling html5ever v0.24.1
[INFO] [stderr]    Compiling thiserror-impl v1.0.20
[INFO] [stderr]     Checking thiserror v1.0.20
[INFO] [stderr]    Compiling markup5ever v0.9.0
[INFO] [stderr]     Checking scraper v0.11.0
[INFO] [stderr]    Compiling html-extractor-macros v1.0.0
[INFO] [stderr]     Checking html-extractor v1.0.0 (/opt/rustwide/workdir)
[INFO] [stdout] error[E0432]: unresolved import `html_extractor`
[INFO] [stdout]  --> src/test.rs:1:5
[INFO] [stdout]   |
[INFO] [stdout] 1 | use html_extractor::HtmlExtractor;
[INFO] [stdout]   |     ^^^^^^^^^^^^^^ use of undeclared type or module `html_extractor`
[INFO] [stdout] 
[INFO] [stdout] 
[INFO] [stdout] error[E0433]: failed to resolve: use of undeclared type or module `html_extractor`
[INFO] [stdout]    --> src/test.rs:135:1
[INFO] [stdout]     |
[INFO] [stdout] 135 | html_extractor::html_extractor! {
[INFO] [stdout]     | ^^^^^^^^^^^^^^ use of undeclared type or module `html_extractor`
[INFO] [stdout] 
[INFO] [stdout] 
[INFO] [stdout] error[E0433]: failed to resolve: use of undeclared type or module `TestData`
[INFO] [stdout]  --> src/test.rs:5:16
[INFO] [stdout]   |
[INFO] [stdout] 5 |     let data = TestData::extract_from_str(
[INFO] [stdout]   |                ^^^^^^^^ use of undeclared type or module `TestData`
[INFO] [stdout] 
[INFO] [stdout] 
[INFO] [stdout] error[E0422]: cannot find struct, variant or union type `TestData` in this scope
[INFO] [stdout]   --> src/test.rs:78:9
[INFO] [stdout]    |
[INFO] [stdout] 78 |         TestData {
[INFO] [stdout]    |         ^^^^^^^^ not found in this scope
[INFO] [stdout] 
[INFO] [stdout] 
[INFO] [stdout] error[E0422]: cannot find struct, variant or union type `InnerData` in this scope
[INFO] [stdout]   --> src/test.rs:79:20
[INFO] [stdout]    |
[INFO] [stdout] 79 |             data1: InnerData { data1_1: 1 },
[INFO] [stdout]    |                    ^^^^^^^^^ not found in this scope
[INFO] [stdout] 
[INFO] [stdout] 
[INFO] [stdout] error[E0422]: cannot find struct, variant or union type `InnerData` in this scope
[INFO] [stdout]   --> src/test.rs:83:17
[INFO] [stdout]    |
[INFO] [stdout] 83 |                 InnerData { data1_1: 1 },
[INFO] [stdout]    |                 ^^^^^^^^^ not found in this scope
[INFO] [stdout] 
[INFO] [stdout] 
[INFO] [stdout] error[E0422]: cannot find struct, variant or union type `InnerData` in this scope
[INFO] [stdout]   --> src/test.rs:84:17
[INFO] [stdout]    |
[INFO] [stdout] 84 |                 InnerData { data1_1: 2 },
[INFO] [stdout]    |                 ^^^^^^^^^ not found in this scope
[INFO] [stdout] 
[INFO] [stdout] 
[INFO] [stdout] error[E0422]: cannot find struct, variant or union type `InnerData` in this scope
[INFO] [stdout]   --> src/test.rs:85:17
[INFO] [stdout]    |
[INFO] [stdout] 85 |                 InnerData { data1_1: 3 },
[INFO] [stdout]    |                 ^^^^^^^^^ not found in this scope
[INFO] [stdout] 
[INFO] [stdout] 
[INFO] [stdout] error[E0422]: cannot find struct, variant or union type `InnerData` in this scope
[INFO] [stdout]   --> src/test.rs:86:17
[INFO] [stdout]    |
[INFO] [stdout] 86 |                 InnerData { data1_1: 4 }
[INFO] [stdout]    |                 ^^^^^^^^^ not found in this scope
[INFO] [stdout] 
[INFO] [stdout] 
[INFO] [stdout] error[E0422]: cannot find struct, variant or union type `InnerData` in this scope
[INFO] [stdout]    --> src/test.rs:112:34
[INFO] [stdout]     |
[INFO] [stdout] 112 |             optional_data1: Some(InnerData { data1_1: 1 }),
[INFO] [stdout]     |                                  ^^^^^^^^^ not found in this scope
[INFO] [stdout] 
[INFO] [stdout] 
[INFO] [stdout] error: aborting due to 10 previous errors
[INFO] [stdout] 
[INFO] [stdout] 
[INFO] [stdout] Some errors have detailed explanations: E0422, E0432, E0433.
[INFO] [stdout] 
[INFO] [stdout] For more information about an error, try `rustc --explain E0422`.
[INFO] [stdout] 
[INFO] [stderr] error: could not compile `html-extractor`.
[INFO] [stderr] 
[INFO] [stderr] To learn more, run the command again with --verbose.
[INFO] [stderr] warning: build failed, waiting for other jobs to finish...
[INFO] [stderr] error: build failed
[INFO] running `Command { std: "docker" "inspect" "316a1faff14978a51abc2213d89f7a8a27000e8214792a1267bd4476feecdcb4", kill_on_drop: false }`
[INFO] running `Command { std: "docker" "rm" "-f" "316a1faff14978a51abc2213d89f7a8a27000e8214792a1267bd4476feecdcb4", kill_on_drop: false }`
[INFO] [stdout] 316a1faff14978a51abc2213d89f7a8a27000e8214792a1267bd4476feecdcb4
